False
Is 44 a factor of 148060?
True
Is 215182 a multiple of 24?
False
Is 107 a factor of 61984?
False
Does 76 divide 182164?
False
Is 59 a factor of 61831?
False
Is 41 a factor of 89081?
False
Does 19 divide 2517571?
False
Is 34860 a multiple of 42?
True
Is 115 a factor of 1362290?
True
Is 32 a factor of 633477?
False
Is 1477504 a multiple of 272?
True
Does 9 divide 303837?
False
Does 91 divide 594685?
True
Is 72 a factor of 107466?
False
Is 2248382 a multiple of 362?
True
Does 5 divide 667730?
True
Is 11 a factor of 153736?
True
Does 41 divide 228340?
False
Is 155 a factor of 505060?
False
Is 885011 a multiple of 510?
False
Does 25 divide 182227?
False
Is 13918718 a multiple of 68?
False
Is 38934 a multiple of 27?
True
Is 20 a factor of 345144?
False
Is 77041 a multiple of 37?
False
Is 620363 a multiple of 87?
False
Is 8 a factor of 23895063?
False
Is 16162488 a multiple of 13?
False
Is 89 a factor of 3346667?
True
Is 10 a factor of 1914741?
False
Does 430 divide 161680?
True
Is 292298 a multiple of 17?
True
Is 191375 a multiple of 125?
True
Does 1380 divide 23848143?
False
Is 144474 a multiple of 33?
True
Does 72 divide 831356?
False
Does 27 divide 9408?
False
Is 6 a factor of 247932?
True
Is 7968844 a multiple of 13?
True
Is 28 a factor of 645883?
False
Is 4003726 a multiple of 545?
False
Does 6 divide 1029417?
False
Does 238 divide 192066?
True
Does 131 divide 447365?
True
Does 128 divide 185728?
True
Is 170 a factor of 5630400?
True
Is 404888 a multiple of 214?
True
Does 709 divide 9480748?
True
Does 10 divide 4426200?
True
Is 118 a factor of 71505?
False
Does 10 divide 1376080?
True
Is 148 a factor of 1245542?
False
Is 567283 a multiple of 552?
False
Is 761770 a multiple of 18?
False
Is 10 a factor of 1404205?
False
Is 32444065 a multiple of 42?
False
Is 668 a factor of 345905?
False
Is 17576 a multiple of 9?
False
Does 17 divide 449106?
True
Does 277 divide 443366?
False
Is 68522 a multiple of 111?
False
Does 17 divide 114155?
True
Is 21 a factor of 227787?
True
Does 139 divide 780472?
False
Is 23 a factor of 89104?
False
Does 19 divide 108317?
False
Is 842916 a multiple of 41?
False
Is 4 a factor of 38100?
True
Does 9 divide 83124?
True
Is 1018985 a multiple of 6?
False
Does 34 divide 2931446?
True
Is 79 a factor of 10415001?
False
Is 8 a factor of 1390799?
False
Does 704 divide 3915648?
True
Is 3364 a multiple of 4?
True
Is 17 a factor of 5253255?
True
Does 8 divide 23902?
False
Is 172332 a multiple of 40?
False
Is 11 a factor of 162547?
True
Is 13 a factor of 1041235?
True
Is 22 a factor of 8120068?
True
Is 839773 a multiple of 165?
False
Does 162 divide 3007530?
True
Is 381920 a multiple of 154?
True
Is 42 a factor of 664482?
True
Is 1633450 a multiple of 10?
True
Is 2310115 a multiple of 95?
True
Is 309 a factor of 283044?
True
Is 19696846 a multiple of 179?
False
Is 7308800 a multiple of 100?
True
Does 26 divide 13858?
True
Is 9 a factor of 104466?
False
Is 18 a factor of 213786?
True
Does 23 divide 182551?
True
Does 76 divide 315780?
True
Is 408320 a multiple of 40?
True
Is 11673753 a multiple of 793?
True
Is 240188 a multiple of 26?
True
Does 13 divide 590226?
True
Is 742464 a multiple of 144?
True
Is 80109 a multiple of 3?
True
Does 118 divide 38947?
False
Does 405 divide 227726?
False
Is 893424 a multiple of 2?
True
Is 190 a factor of 1736410?
True
Is 137 a factor of 91666?
False
Does 4 divide 146638?
False
Does 219 divide 886293?
True
Is 192 a factor of 994176?
True
Does 8 divide 5617260?
False
Is 116 a factor of 2112024?
False
Is 77 a factor of 1598782?
False
Is 1025462 a multiple of 12?
False
Is 37 a factor of 92241?
True
Is 22 a factor of 307824?
True
Is 18 a factor of 1386566?
False
Is 73 a factor of 629552?
True
Is 22 a factor of 471702?
True
Does 11 divide 46500?
False
Does 1173 divide 888926?
False
Is 66 a factor of 30496?
False
Is 225 a factor of 2619000?
True
Is 96 a factor of 8318919?
False
Is 47 a factor of 918427?
True
Is 444 a factor of 1979440?
False
Is 554 a factor of 228247?
False
Is 384787 a multiple of 10?
False
Is 168360 a multiple of 488?
True
Is 3001995 a multiple of 15?
True
Is 351708 a multiple of 159?
True
Is 35 a factor of 1504232?
False
Does 2 divide 6756?
True
Is 128 a factor of 7656913?
False
Is 55 a factor of 461025?
False
Does 217 divide 114613?
False
Is 2255500 a multiple of 100?
True
Is 15 a factor of 31319?
False
Is 42014 a multiple of 8?
False
Does 46 divide 109764?
False
Is 225 a factor of 78075?
True
Is 10085696 a multiple of 472?
True
Is 220 a factor of 3535180?
True
Does 18 divide 2793377?
False
Does 163 divide 137735?
True
Is 15 a factor of 4684950?
True
Is 46512 a multiple of 16?
True
Does 26 divide 3386448?
True
Does 8 divide 6818736?
True
Is 1574700 a multiple of 725?
True
Does 918 divide 22022673?
False
Is 47 a factor of 152797?
True
Does 109 divide 541403?
True
Is 969606 a multiple of 9?
True
Is 3238029 a multiple of 129?
True
Does 969 divide 6598471?
False
Is 23 a factor of 8185033?
True
Does 5 divide 6215521?
False
Is 36421 a multiple of 77?
True
Is 7488875 a multiple of 905?
True
Is 207 a factor of 481482?
True
Is 143639 a multiple of 33?
False
Is 488427 a multiple of 51?
True
Is 1095615 a multiple of 97?
True
Does 67 divide 640051?
True
Does 17 divide 193528?
True
Is 15 a factor of 17378550?
True
Is 20471506 a multiple of 22?
True
Does 20 divide 238294?
False
Does 48 divide 2267276?
False
Does 748 divide 2555916?
True
Does 57 divide 98443?
False
Is 1583935 a multiple of 17?
False
Is 72480 a multiple of 15?
True
Is 888992 a multiple of 416?
True
Is 7 a factor of 116179?
True
Is 72 a factor of 79056?
True
Is 533296 a multiple of 16?
True
Is 40334 a multiple of 67?
True
Does 32 divide 624320?
True
Does 415 divide 458160?
True
Is 307 a factor of 474315?
True
Is 11 a factor of 2039502?
False
Is 215 a factor of 546960?
True
Is 3763430 a multiple of 110?
True
Is 234781 a multiple of 219?
False
Does 220 divide 193120?
False
Is 10 a factor of 394438?
False
Is 204 a factor of 252134?
False
Is 66420 a multiple of 162?
True
Is 100 a factor of 235900?
True
Does 653 divide 430594?
False
Is 12 a factor of 728844?
True
Is 106 a factor of 166547?
False
Does 10 divide 764920?
True
Is 3178564 a multiple of 609?
False
Is 2 a factor of 7568?
True
Is 2288079 a multiple of 105?
False
Is 32 a factor of 737652?
False
Is 22353 a multiple of 50?
False
Is 3889007 a multiple of 16?
False
Is 3 a factor of 1291373?
False
Is 38 a factor of 4162824?
True
Does 397 divide 225496?
True
Is 24 a factor of 401928?
True
Is 293 a factor of 722538?
True
Does 48 divide 946128?
True
Is 285846 a multiple of 33?
True
Is 5 a factor of 61268?
False
Is 396079 a multiple of 282?
False
Is 8 a factor of 180108?
False
Is 855 a multiple of 44?
False
Is 50813 a multiple of 22?
False
Does 219 divide 76212?
True
Is 87357 a multiple of 58?
False
Is 137 a factor of 133164?
True
Is 60 a factor of 138235?
False
Is 25 a factor of 52241?
False
Is 3526693 a multiple of 32?
False
Is 10176000 a multiple of 318?
True
Does 10 divide 60550?
True
Is 2096170 a multiple of 970?
True
Is 814314 a multiple of 435?
False
Is 76572 a multiple of 108?
True
Is 1874124 a multiple of 268?
True
Is 6082020 a multiple of 28?
True
Does 13 divide 49137?
False
Does 27 divide 643626?
True
Is 45 a factor of 207135?
True
Does 151 divide 6547511?
True
Is 15 a factor of 1312791?
False
Does 4 divide 4336?
True
Is 4 a factor of 77528?
True
Is 27 a factor of 424899?
True
Is 83840 a multiple of 32?
True
Is 76 a factor of 108249?
False
Is 9 a factor of 889245?
True
Is 16 a factor of 122870?
False
Does 11 divide 1389004?
False
Does 9 divide 808740?
True
Is 7147695 a multiple of 28?
False
Is 24535 a multiple of 7?
True
Does 109 divide 4673681?
False
Is 84747 a multiple of 123?
True
Is 33 a factor of 177821?
False
Does 6 divide 1722?
True
Is 36217 a multiple of 57?
False
Is 274 a factor of 724429?
False
Does 260 divide 234827?
False
Is 3814089 a multiple of 3?
True
Does 11 divide 280820?
False
Is 60 a factor of 53513?
False
Is 1208615 a multiple of 95?
False
Does 60 divide 3479672?
False
Is 397 a factor of 99102?
False
Does 64 divide 4895572?
False
Is 2233502 a multiple of 23?
False
Does 65 divide 608169?
False
Does 250 divide 5134749?
False
Is 497033 a multiple of 4?
Fal